common factor of 96 and 150752.
32
What is the greatest common factor of 48 and 82608?
48
Calculate the greatest common divisor of 192 and 11456.
64
What is the highest common divisor of 49243 and 23?
23
What is the highest common divisor of 132286 and 154?
154
Calculate the highest common factor of 923 and 2951.
13
Calculate the greatest common divisor of 28336 and 3784.
88
What is the greatest common divisor of 125 and 147200?
25
What is the greatest common factor of 605450 and 300?
50
What is the highest common factor of 54 and 22086?
54
Calculate the greatest common divisor of 3546 and 288.
18
What is the highest common factor of 3252 and 3948?
12
What is the highest common divisor of 7670 and 141440?
130
What is the highest common divisor of 50 and 4070?
10
Calculate the highest common factor of 718803 and 18.
9
Calculate the greatest common factor of 375 and 93875.
125
Calculate the highest common divisor of 7872 and 81984.
192
Calculate the highest common factor of 2640224 and 160.
32
Calculate the highest common factor of 114280 and 5240.
40
Calculate the greatest common divisor of 13 and 1038713.
13
What is the greatest common divisor of 38628 and 232?
116
What is the greatest common factor of 51068 and 408?
68
What is the greatest common divisor of 68637 and 16032?
501
What is the greatest common factor of 59 and 28048?
1
What is the greatest common factor of 931 and 2337?
19
Calculate the greatest common factor of 159183 and 5383.
769
Calculate the greatest common divisor of 5800 and 99800.
200
Calculate the greatest common divisor of 706870 and 120.
10
Calculate the highest common factor of 950895 and 33.
33
Calculate the highest common divisor of 1340826 and 86.
86
Calculate the greatest common factor of 2482 and 850.
34
Calculate the greatest common factor of 1778590 and 1221.
407
What is the greatest common factor of 5860922 and 186?
62
Calculate the greatest common factor of 493822 and 147.
49
What is the highest common divisor of 30 and 18680?
10
Calculate the greatest common divisor of 21 and 1254995.
7
Calculate the greatest common divisor of 74 and 172790.
74
What is the highest common factor of 888135 and 135?
15
What is the highest common divisor of 1557251 and 5593?
799
Calculate the highest common factor of 6 and 572844.
6
Calculate the highest common factor of 144 and 2161.
1
What is the greatest common factor of 83380 and 440?
220
Calculate the highest common divisor of 8493 and 38.
19
Calculate the greatest common factor of 50792 and 7.
7
Calculate the greatest common factor of 45 and 454941.
9
Calculate the greatest common factor of 8204 and 22.
2
Calculate the greatest common factor of 130 and 8570.
10
What is the highest common divisor of 1512 and 476?
28
Calculate the greatest common divisor of 795525 and 75.
75
Calculate the greatest common factor of 3924469 and 19.
19
What is the highest common factor of 529457 and 747?
83
What is the highest common divisor of 90415 and 535?
535
Calculate the highest common factor of 216 and 1777626.
54
Calculate the greatest common divisor of 110825 and 7657.
403
What is the highest common divisor of 241423 and 1516?
379
What is the highest common factor of 7236 and 96?
12
Calculate the greatest common factor of 5562 and 6798.
618
What is the greatest common divisor of 3085 and 70?
5
Calculate the highest common divisor of 1349 and 11647.
19
Calculate the greatest common divisor of 6 and 45090.
6
Calculate the greatest common divisor of 1963 and 15251.
151
What is the highest common divisor of 91724 and 6?
2
What is the highest common divisor of 11781 and 1064574?
1071
What is the greatest common factor of 88183 and 6357?
163
Calculate the greatest common divisor of 8 and 18110.
2
Calculate the greatest common divisor of 78 and 13956.
6
Calculate the highest common factor of 25 and 914275.
25
Calculate the greatest common factor of 405417 and 469.
67
Calculate the highest common divisor of 690 and 221790.
30
Calculate the highest common divisor of 326748 and 7833.
1119
What is the greatest common divisor of 2122492 and 586?
586
What is the greatest common divisor of 21 and 1511391?
21
What is the highest common factor of 4 and 298014?
2
Calculate the highest common divisor of 538316 and 236.
236
What is the greatest common factor of 2715726 and 111?
111
Calculate the greatest common factor of 142187 and 1769.
29
What is the highest common divisor of 1152 and 351240?
24
What is the greatest common factor of 40 and 108700?
20
Calculate the greatest common factor of 540 and 45120.
60
Calculate the highest common divisor of 3350 and 784570.
670
What is the greatest common divisor of 40344 and 12?
12
What is the highest common divisor of 9 and 293856?
3
What is the highest common divisor of 17181 and 18?
9
What is the highest common divisor of 416 and 153946?
26
What is the highest common divisor of 6500 and 10660?
260
What is the greatest common divisor of 404 and 140390?
202
What is the highest common divisor of 3064 and 32555?
383
What is the highest common factor of 2060 and 116?
4
What is the highest common factor of 174 and 68817?
87
What is the highest common divisor of 1261 and 33853?
97
Calculate the highest common divisor of 208 and 812208.
16
What is the greatest common divisor of 134 and 410?
2
Calculate the highest common divisor of 430455 and 165.
15
Calculate the greatest common factor of 18544 and 1041941.
1159
What is the greatest common factor of 281787 and 11?
11
Calculate the greatest common divisor of 11224 and 1288.
184
Calculate the greatest common factor of 490020 and 120.
60
What is the greatest common divisor of 393 and 18602?
131
Calculate the highest common divisor of 57860 and 2200.
220
Calculate the highest common divisor of 59 and 71626.
59
Calculate the highest common divisor of 16 and 227.
1
Calculate the greatest common factor of 18241 and 544.
17
What is the greatest common factor of 70 and 32410?
70
Calculate the greatest common divisor of 952 and 644.
28
What is the highest common factor of 2827 and 6050?
11
Calculate the highest common divisor of 146430 and 2220.
30
Calculate the greatest common divisor of 270 and 132570.
270
Calculate the highest common divisor of 69690 and 6.
6
Calculate the highest common factor of 627594 and 396.
66
What is the greatest common factor of 7676 and 2828?
404
What is the highest common factor of 5035 and 912?
19
Calculate the greatest common factor of 161107 and 31.
31
Calculate the greatest common factor of 93 and 9083.
31
What is the highest common factor of 8310 and 37672?
554
What is the greatest common factor of 5835 and 309?
3
What is the highest common divisor of 558 and 1283400?
558
What is the highest common factor of 122301 and 1177?
107
What is the highest common divisor of 117 and 115686?
9
Calculate the greatest common divisor of 297 and 10071.
27
What is the highest common factor of 186 and 3193?
31
What is the greatest common factor of 314783 and 386?
193
What is the greatest common divisor of 146337 and 15?
3
What is the greatest common divisor of 396 and 1758801?
33
Calculate the highest common divisor of 21196 and 28.
28
What is the greatest common factor of 424 and 2296?
8
Calculate the greatest common divisor of 730 and 153154.
146
What is the greatest common factor of 911 and 990257?
911
What is the greatest common factor of 297 and 2378673?
297
Calculate the highest common factor of 158348 and 3844.
124
Calculate the highest common divisor of 172 and 60028.
172
What is the highest common factor of 3096 and 2323161?
387
What is the greatest common divisor of 5 and 11000?
5
Calculate the highest common factor of 64060 and 540.
20
What is the highest common divisor of 153 and 558?
9
Calculate the greatest common factor of 7047 and 4131.
243
What is the greatest common factor of 17110 and 1566?
58
Calculate the highest common divisor of 101820 and 15.
15
Calculate the greatest common divisor of 30800 and 5425.
175
What is the greatest common factor of 696 and 92688?
24
What is the greatest common factor of 7664832 and 504?
504
Calculate the highest common divisor of 48 and 118536.
24
Calculate the greatest common divisor of 688634 and 261.
29
What is the highest common factor of 4480 and 